factor of 118 and p.
2
Suppose -q + 5*w - 21 = 0, w = -q - 0*w - 9. Let z = q - -51. Let y(b) = -b**3 + b**2 + 2*b. Let o be y(-2). What is the greatest common factor of o and z?
8
Let j = -1370 + 1418. What is the greatest common factor of 296 and j?
8
Let x = 159 + -101. Let y = x - 46. Let o(f) = -7*f - 5. Let a be o(-5). Calculate the highest common factor of y and a.
6
Suppose 2*r - 804 = -0*r. Suppose l - r = -l. Let z = l + -117. Calculate the highest common factor of z and 21.
21
Suppose -2*v = -6 - 14. Let w be 4/v + 4437/45. Suppose 0 = 3*k - 29 - 4. Calculate the highest common factor of k and w.
11
Let y be 128*((-39)/(-12) - 3). Calculate the greatest common divisor of 48 and y.
16
Let z = -17 + 24. Let j(x) = 2*x + 34. Let h be j(-7). Let w = h - 13. Calculate the greatest common factor of w and z.
7
Let v = 217 + -140. Let x = v + -23. Calculate the greatest common divisor of x and 6.
6
Suppose -3*t + 2*a = -10, -2*t = -7*t - a + 8. Let k(x) = 52*x**3 - 4*x**2 + 3*x + 1. Let b be k(t). What is the highest common factor of b and 37?
37
Let n be 3 - -1 - 168/70*-35. What is the highest common factor of n and 16?
8
Suppose 9 - 3 = o. Calculate the highest common divisor of o and 14.
2
Let a(z) = -4*z - 4. Let f be a(-7). Let q be (-6)/45*-54 + 12/15. Calculate the greatest common factor of f and q.
8
Let i = -280 + 281. Calculate the greatest common factor of i and 13.
1
Let j = -23 + 93. Calculate the greatest common divisor of 490 and j.
70
Let h(q) = q**3 + 7*q**2 + 3*q + 4. Let z be h(-6). Let w be (-10)/(-2) + (-1599)/(-41). Calculate the highest common factor of w and z.
22
Suppose -31*h + 23970 = 16*h. What is the greatest common divisor of h and 30?
30
Let f(n) = 21*n**3 - 4*n**2 - 14*n + 30. Let l be f(2). Calculate the greatest common factor of 176 and l.
22
Let b = -29 - -17. Let o = 16 + b. Suppose -3*i + 31 = 3*z - 2*z, o*z + 26 = 3*i. Calculate the greatest common divisor of i and 50.
10
Let r = 412 - 250. Let y = 10 + 8. What is the highest common factor of y and r?
18
Suppose -319*a = -338*a + 26296. Calculate the greatest common divisor of 16 and a.
8
Let j(a) = 7*a**2 + 3*a + 35. Let x be j(-6). Suppose 5*i = 2*s - 144, 2*i - x = -4*s + 19. Calculate the highest common divisor of s and 18.
18
Let v = 142 + -136. Calculate the greatest common divisor of v and 16.
2
Suppose -o + 4*x = 4*o - 20, 4*o + 20 = -4*x. Suppose 4*f - 12*f + 72 = o. What is the greatest common divisor of 72 and f?
9
Suppose -39*d = -15*d - 1872. Calculate the greatest common factor of d and 39.
39
Let m(q) = 12*q**2 - q. Let n be (16*-1)/(-4) + 36. Suppose 3 = -37*x + n*x. Let o be m(x). What is the greatest common divisor of o and 88?
11
Let c(h) = -3 - 12*h + 8 + 10*h**2 - 3*h**2. Let o be c(10). Suppose -2*j - 3*j = -o. Calculate the highest common divisor of 13 and j.
13
Suppose -4*h + 670 = 3*t + 62, -4 = -2*h. Calculate the greatest common factor of t and 125.
25
Suppose -3*g = 0, -2*m - 2*g = -3*g - 6. Let c be (-4 + 1/(-2))/((-6)/16). Calculate the greatest common factor of c and m.
3
Let r(m) = -25*m - 35. Let o be r(-3). What is the greatest common divisor of o and 8?
8
Suppose -351 = -4*w - 5*v, -3*v - 411 = 3*w - 8*w. What is the highest common divisor of w and 96?
12
Let c be 435/(-580) - ((-4)/10 + (-87)/20). Let a = 16 - 8. Calculate the highest common divisor of c and a.
4
Let r = -13 - -19. Suppose q = -r + 14. Suppose 7*k = q*k - 88. Calculate the highest common factor of 8 and k.
8
Let r = -270 - -518. Calculate the highest common divisor of 31 and r.
31
Suppose 57 = v - 5*s, -v - 13*s = -16*s - 63. Calculate the highest common factor of v and 2304.
72
Suppose -420 = 3*f - 8*f. Suppose 5*l = 4*m + 56, 4*m - 2*m - 50 = -4*l. What is the highest common factor of f and l?
12
Suppose 29333 = 23*n + 7207. What is the greatest common factor of n and 74?
74
Suppose 0 = 74*p - 3105 - 891. Calculate the greatest common factor of p and 8.
2
Let r be 42/8 + (-5)/20. Let p be (6/(-4))/((-806)/160 + r). What is the highest common divisor of 440 and p?
40
Suppose -2*z + 26 = -0*z. Suppose -7 = -3*m + 5. Let n be (3/m)/((-2)/(-104)). Calculate the greatest common divisor of n and z.
13
Let d(b) = -9 + 1 - 2 - 3 - b. Let j be d(-6). Let g = j - -17. Calculate the greatest common divisor of g and 40.
10
Let c be ((-3)/(-6) - -1)*8/6. Suppose -4*u + 45 = -2*b - 23, 3*b = c*u - 38. What is the greatest common divisor of 16 and u?
16
Let a be (10/(-25))/((-8)/820). Calculate the highest common factor of 328 and a.
41
Suppose -3196 = -12*m + 9*m - 2*g, 5*m + g = 5329. What is the highest common factor of m and 130?
26
Let u(l) = -22*l - 453. Let n be u(-31). Calculate the greatest common factor of 1 and n.
1
Let z = 13 + 2. Suppose z = 3*y - 51. Let h = 65 + -32. What is the greatest common divisor of y and h?
11
Suppose -2*g + 56 = 16. Let t be 40/6*(-150)/g. Let k = -36 - t. Calculate the highest common divisor of k and 112.
14
Suppose -2*b + m + 42 = 0, -3*m + 7*m + 102 = 5*b. Calculate the greatest common factor of b and 693.
11
Suppose 1020 = -20*s + 37*s. Let b(f) = -f**3 - 1. Let r be b(2). Let d = r + 24. Calculate the highest common divisor of s and d.
15
Let r(t) = t**3 - 4*t**2 - t + 312. Let p be r(0). Calculate the highest common factor of p and 48.
24
Let x(b) = -b**3 + 21*b**2 - 40*b + 38. Let y be x(19). Suppose 4*k - 48 = -3*d, d + k = -y*d + 16. Calculate the highest common divisor of 32 and d.
16
Let v(h) = 4*h**2 - 2*h - 4. Let o be v(3). Let j = -55 - -120. What is the greatest common factor of o and j?
13
Let d be 65 + (3 + 1 - (-4 + 10)). What is the highest common factor of 2898 and d?
63
Let u be (3 + -6)/((-2)/(-26)). Let b be (72/(-54))/(1*1/u). Suppose 5*k + 4*l = 69, 20 = -4*k - 5*l + 77. Calculate the greatest common factor of k and b.
13
Let o(x) = 4*x**3 - x**2 - 2*x + 2. Let s be o(1). Let k = -2 + 0. Let h be (-1 - k - -1)/2. Calculate the greatest common factor of s and h.
1
Let l(o) = 4*o**2 - 2*o - 11. Let t be l(6). Suppose 4*d - 5*d = 4*g - 48, 3*g - 4*d = 17. What is the highest common divisor of g and t?
11
Suppose 0 = -k + 4, -5*i + k + 2 = -2*i. Suppose -3*j = -6*j + y + 128, 0 = -5*j + i*y + 214. Calculate the greatest common factor of 105 and j.
21
Suppose 6*t + 860 = 2*t. Let v = t - -347. Calculate the greatest common factor of v and 12.
12
Let o = 2 - -5. Let v be 3 - (-2)/3*636/8. What is the greatest common divisor of o and v?
7
Suppose -12*g - 312 = -13*g. Calculate the greatest common divisor of 48 and g.
24
Suppose 375 = 5*f - 4*z - 45, 0 = 2*f + 4*z - 196. What is the highest common divisor of 253 and f?
11
Let a be (2 - 0 - (6 - 4)) + 11. Calculate the highest common factor of a and 44.
11
Suppose 5*n + 2*b - 22 - 772 = 0, -n = -3*b - 169. Suppose 85*j - 89*j = -n. What is the greatest common divisor of j and 40?
40
Let v(y) = -y**2 - 18*y - 26. Let b be v(-16). Let c be (-2)/b - (-3696)/18. Calculate the greatest common divisor of 41 and c.
41
Let v be (-2)/(((-12)/722)/3). Suppose -8*f + v = -79. Suppose 4*x + 4*r - 68 - 4 = 0, -x = -4*r - 38. Calculate the greatest common divisor of x and f.
11
Let d = 141 - 99. Let s(b) = -24*b - 106. Let p be s(-5). Calculate the highest common divisor of p and d.
14
Suppose 36 - 84 = -6*h. What is the highest common factor of h and 212?
4
Suppose 1607 = 34*t - 1827. Calculate the greatest common factor of t and 2323.
101
Suppose 15*w + 36 = 19*w. Let a(b) = b - 6. Let l be a(w). Suppose n - l*n = -16. Calculate the greatest common divisor of n and 80.
8
Suppose 4 = 29*n - 28*n. Let o = -1 + 4. Suppose 32 = 5*l - 2*x, 4*l + 14 = -o*x + 58. What is the greatest common divisor of n and l?
4
Let w(c) = c**2 + 77*c + 120. Let g be w(-76). Let h(j) = -27*j + 2. Let u be h(-4). What is the greatest common factor of g and u?
22
Let s(v) = -2 - 16*v - 6 + 7. Let b be s(-1). Let f = -101 - -161. Calculate the greatest common divisor of f and b.
15
Suppose -4*m + 192 = -284. Let i = 2 - -15. What is the greatest common factor of m and i?
17
Let d(t) = -t**2 - 7*t - 4. Let s be d(-5). Let g be (18 + 0)*(-220)/(-6). Suppose -s*p + g = -p. Calculate the greatest common divisor of p and 12.
12
Let w be 8*(-4 - -7 - 2*1). Calculate the greatest common divisor of